4 and 12839491?
7
Calculate the greatest common factor of 2568328 and 840.
56
Calculate the greatest common factor of 258 and 25598631.
129
Calculate the highest common divisor of 952579104 and 8544.
8544
Calculate the highest common factor of 436613448 and 816.
408
What is the greatest common divisor of 3344397 and 294?
147
Calculate the greatest common factor of 342 and 4917466.
38
Calculate the highest common divisor of 14485464 and 168.
168
Calculate the greatest common divisor of 792 and 10725.
33
What is the highest common factor of 507647838 and 948?
474
What is the greatest common divisor of 37746 and 1439474?
466
What is the greatest common divisor of 400208 and 6?
2
What is the highest common divisor of 59 and 2081402354?
59
What is the greatest common factor of 890 and 62958422?
178
Calculate the highest common divisor of 1198340 and 15860.
260
Calculate the highest common divisor of 836922580 and 4420.
4420
Calculate the greatest common factor of 18 and 11780595.
9
What is the greatest common divisor of 13120 and 56565568?
2624
Calculate the greatest common factor of 7917 and 369663.
609
What is the highest common factor of 21716 and 6205436?
356
What is the greatest common divisor of 23335690 and 280?
70
What is the greatest common divisor of 6 and 6494106?
6
Calculate the greatest common factor of 67466527 and 949.
73
What is the highest common divisor of 4592 and 362295352?
328
Calculate the highest common factor of 470601 and 1908.
9
What is the highest common factor of 5556 and 31567803?
1389
Calculate the greatest common factor of 12124387 and 12529.
737
Calculate the highest common divisor of 832 and 30953.
13
Calculate the highest common factor of 858 and 4780380.
66
What is the highest common factor of 8319678 and 54249?
321
What is the greatest common factor of 21480424 and 4443?
1481
Calculate the greatest common factor of 504 and 10738602.
126
What is the highest common divisor of 304 and 2809927632?
304
Calculate the highest common divisor of 342 and 56729466.
18
What is the greatest common factor of 560 and 14613998?
14
Calculate the greatest common divisor of 580670565 and 3789.
1263
What is the greatest common divisor of 86457 and 72726?
69
Calculate the highest common divisor of 4121485 and 20.
5
Calculate the highest common factor of 1252 and 21715001.
313
Calculate the greatest common factor of 317586 and 50307.
123
What is the greatest common divisor of 409494 and 11539482?
2946
Calculate the greatest common factor of 2886 and 512616.
78
What is the highest common divisor of 170044272 and 192?
48
What is the highest common factor of 13178571 and 147?
21
Calculate the greatest common factor of 72 and 2933748.
36
What is the highest common divisor of 96 and 15194112?
96
What is the highest common divisor of 4297936 and 62608?
688
Calculate the highest common divisor of 294 and 15637566.
294
What is the greatest common divisor of 204525 and 1755?
135
Calculate the highest common factor of 472125 and 2387064.
3777
Calculate the greatest common factor of 310 and 627470.
10
Calculate the highest common divisor of 36604850 and 150.
50
Calculate the highest common factor of 895 and 9554841.
179
Calculate the highest common divisor of 14439801 and 321111.
5097
Calculate the greatest common divisor of 50025108 and 2632.
1316
What is the highest common divisor of 26663 and 68523?
91
What is the greatest common factor of 53919780 and 90?
30
What is the greatest common factor of 5420876 and 356?
4
What is the greatest common divisor of 41 and 2435105333?
41
What is the greatest common factor of 752578 and 109394?
1318
What is the highest common factor of 900448 and 1634?
38
Calculate the greatest common divisor of 33358050 and 19734.
1518
What is the greatest common factor of 8413384 and 616?
56
What is the highest common factor of 71373051 and 297?
9
Calculate the highest common factor of 2464 and 451088.
176
What is the highest common factor of 145201668 and 552?
276
What is the highest common factor of 964160 and 1035?
115
What is the greatest common factor of 264 and 24825064?
88
Calculate the highest common factor of 12945 and 11745.
15
Calculate the highest common divisor of 94030524 and 3024.
756
Calculate the highest common factor of 1672106 and 52450.
2098
Calculate the highest common factor of 2501408 and 44044.
364
Calculate the highest common factor of 168893658 and 30.
6
What is the greatest common divisor of 135540590 and 3580?
1790
What is the greatest common factor of 160 and 583595880?
40
What is the greatest common divisor of 441 and 4295487?
147
What is the highest common factor of 46 and 38948430?
46
What is the highest common factor of 7210 and 3216640?
70
Calculate the highest common divisor of 129096 and 868032.
792
Calculate the highest common divisor of 32865440 and 430.
10
What is the greatest common factor of 46704 and 2969457?
417
Calculate the highest common factor of 395600 and 29486.
46
Calculate the greatest common divisor of 356252 and 7956.
884
Calculate the highest common factor of 3019599 and 891.
891
Calculate the greatest common divisor of 9555 and 29239770.
735
Calculate the highest common factor of 483 and 1939814457.
483
What is the greatest common factor of 214830 and 124502510?
3410
Calculate the highest common factor of 67569934 and 289.
289
Calculate the greatest common factor of 27 and 105487524.
9
What is the highest common divisor of 9877220 and 1440?
20
Calculate the greatest common divisor of 9956 and 185293605.
2489
Calculate the highest common factor of 275000 and 2055000.
5000
Calculate the highest common factor of 418472295 and 5895.
1965
Calculate the highest common divisor of 30895 and 887605.
835
What is the greatest common factor of 968 and 701100136?
968
Calculate the greatest common divisor of 2080 and 24747320.
520
What is the greatest common divisor of 109120 and 594735?
155
What is the highest common divisor of 21027 and 29108377?
7009
What is the greatest common factor of 2653737 and 3?
3
What is the greatest common factor of 1278 and 2023642?
142
What is the highest common factor of 299 and 160756752?
299
What is the highest common factor of 2043 and 25860975?
681
What is the highest common divisor of 3192699059 and 5423?
5423
Calculate the highest common factor of 3420 and 46056000.
1140
What is the greatest common divisor of 1170 and 3544190?
130
What is the highest common divisor of 1066 and 978301?
41
Calculate the highest common divisor of 2557000 and 3824.
8
Calculate the greatest common factor of 19059472 and 623472.
6704
Calculate the greatest common factor of 1898064 and 36315.
2421
Calculate the greatest common divisor of 51567500 and 130000.
2500
Calculate the highest common divisor of 76060416 and 9189.
3063
What is the highest common divisor of 227752 and 63455?
343
Calculate the greatest common divisor of 23942960 and 2160.
80
What is the greatest common divisor of 916010 and 56015?
3295
What is the highest common divisor of 176 and 22206544?
16
Calculate the highest common divisor of 71894 and 1603298.
206
Calculate the highest common factor of 25703804 and 12.
4
What is the greatest common factor of 20414881 and 1499?
1499
What is the greatest common factor of 118398763 and 2723?
2723
What is the highest common divisor of 163666 and 235410?
2242
What is the greatest common factor of 1322313 and 4437?
87
Calculate the highest common divisor of 13050090 and 72.
18
What is the highest common divisor of 4186 and 197179?
23
What is the highest common factor of 15758268 and 574?
82
Calculate the highest common divisor of 12624 and 2178912.
48
Calculate the greatest common factor of 46 and 393922656.
46
Calculate the highest common factor of 788 and 998790.
394
Calculate the highest common divisor of 6372 and 243238356.
6372
Calculate the highest common factor of 251672 and 1452904.
1544
Calculate the greatest common factor of 1530 and 34920.
90
What is the highest common divisor of 302457350 and 650?
650
Calculate the greatest common divisor of 474469 and 50982.
29
Calculate the highest common divisor of 7857 and 550572.
291
Calculate the greatest common factor of 36514 and 164.
2
What is the highest common factor of 1066 and 1838148?
26
Calculat